{"id":1017,"date":"2016-09-30T00:44:41","date_gmt":"2016-09-30T00:44:41","guid":{"rendered":"http:\/\/www.cantodoriofc.com.br\/site\/?page_id=1017"},"modified":"2023-04-27T13:56:23","modified_gmt":"2023-04-27T13:56:23","slug":"natacao","status":"publish","type":"page","link":"https:\/\/cantodoriofc.com.br\/site\/natacao\/","title":{"rendered":"Nata\u00e7\u00e3o"},"content":{"rendered":"<p style=\"text-align: justify;\">Diversos atletas fizeram hist\u00f3ria na nata\u00e7\u00e3o do Canto do Rio. Alguns nomes como Marcio Ara\u00fajo, Paulo Licastro (atual coordenador de desportos aqu\u00e1ticos), Gerenal e Braga, se destacaram dentro e fora das piscinas do Cantusca. Tamb\u00e9m passaram por nossas piscinas a nadadora Cl\u00e9lia N\u00f3brega que em 1971 conquistou para o Canto do Rio o Campeonato Brasileiro de Nata\u00e7\u00e3o. As nadadoras M\u00e1rcia e Marisa Barros tamb\u00e9m fazem parte de nossa hist\u00f3ria. Em 1978, M\u00e1rcia foi campe\u00e3 brasileira no nado cem metros borboleta e vice-campe\u00e3 no nado cem metros livres. Mariza tamb\u00e9m teve um rendimento expressivo na mesma competi\u00e7\u00e3o. No rancking final, a nadadora ficou entre os dez melhores atletas. Elson Terra tamb\u00e9m acumula diversos t\u00edtulos como, por exemplo, o Campeonato Carioca de Nata\u00e7\u00e3o.<\/p>\n<p style=\"text-align: justify;\"><a href=\"http:\/\/www.cantodoriofc.com.br\/site\/wp-content\/uploads\/2016\/09\/nat.jpg\" rel=\"lightbox\"><img fetchpriority=\"high\" decoding=\"async\" class=\" size-full wp-image-1018 alignleft\" src=\"http:\/\/www.cantodoriofc.com.br\/site\/wp-content\/uploads\/2016\/09\/nat.jpg\" alt=\"nat\" width=\"285\" height=\"238\" \/><\/a><\/p>\n<p style=\"text-align: justify;\">TRAVESSIA \u2013 Apaixonados pelo esporte e incentivados pelo parceiro Alamir Pacheco de Moraes, que at\u00e9 hoje compete e acumula t\u00edtulos \u2013 nas competi\u00e7\u00f5es da classe Master \u2013, em 2000, Daruiz Castellani, Carlos Roberto Ennes Coutinho e Jair Amorim Filho, os quatro atletas da \u201cvelha guarda\u201d, fizeram a nado a travessia de 7.000 metros da Ba\u00eda de Guanabara, partindo do Forte do Gragoat\u00e1 at\u00e9 a Marina da Gl\u00f3ria. O feito, que j\u00e1 repetiram nos anos seguintes, se deu em homenagem ao anivers\u00e1rio do Canto do Rio.<\/p>\n","protected":false},"excerpt":{"rendered":"<p>Diversos atletas fizeram hist\u00f3ria na nata\u00e7\u00e3o do Canto do Rio. Alguns nomes como Marcio Ara\u00fajo, Paulo Licastro (atual coordenador de desportos aqu\u00e1ticos), Gerenal e Braga, se destacaram dentro e fora das piscinas do Cantusca. Tamb\u00e9m passaram por nossas piscinas a nadadora Cl\u00e9lia N\u00f3brega que em 1971 conquistou para o Canto do Rio o Campeonato Brasileiro<\/p>\n<p class=\"more-link\"><a href=\"https:\/\/cantodoriofc.com.br\/site\/natacao\/\" class=\"themebutton\">Read More<\/a><\/p>\n","protected":false},"author":1,"featured_media":0,"parent":0,"menu_order":0,"comment_status":"closed","ping_status":"closed","template":"","meta":{"footnotes":"","_links_to":"","_links_to_target":""},"class_list":["post-1017","page","type-page","status-publish","hentry"],"_links":{"self":[{"href":"https:\/\/cantodoriofc.com.br\/site\/wp-json\/wp\/v2\/pages\/1017","targetHints":{"allow":["GET"]}}],"collection":[{"href":"https:\/\/cantodoriofc.com.br\/site\/wp-json\/wp\/v2\/pages"}],"about":[{"href":"https:\/\/cantodoriofc.com.br\/site\/wp-json\/wp\/v2\/types\/page"}],"author":[{"embeddable":true,"href":"https:\/\/cantodoriofc.com.br\/site\/wp-json\/wp\/v2\/users\/1"}],"replies":[{"embeddable":true,"href":"https:\/\/cantodoriofc.com.br\/site\/wp-json\/wp\/v2\/comments?post=1017"}],"version-history":[{"count":1,"href":"https:\/\/cantodoriofc.com.br\/site\/wp-json\/wp\/v2\/pages\/1017\/revisions"}],"predecessor-version":[{"id":3401,"href":"https:\/\/cantodoriofc.com.br\/site\/wp-json\/wp\/v2\/pages\/1017\/revisions\/3401"}],"wp:attachment":[{"href":"https:\/\/cantodoriofc.com.br\/site\/wp-json\/wp\/v2\/media?parent=1017"}],"curies":[{"name":"wp","href":"https:\/\/api.w.org\/{rel}","templated":true}]}}