{"id":25,"date":"2015-06-04T20:24:31","date_gmt":"2015-06-04T20:24:31","guid":{"rendered":"http:\/\/www.cantodoriofc.com.br\/site\/?page_id=25"},"modified":"2025-04-18T19:11:15","modified_gmt":"2025-04-18T19:11:15","slug":"estrutura-2","status":"publish","type":"page","link":"https:\/\/cantodoriofc.com.br\/site\/estrutura-2\/","title":{"rendered":"Estrutura"},"content":{"rendered":"\t\t<div data-elementor-type=\"wp-page\" data-elementor-id=\"25\" class=\"elementor elementor-25\" data-elementor-post-type=\"page\">\n\t\t\t\t\t\t<section class=\"elementor-section elementor-top-section elementor-element elementor-element-4c544f74 elementor-section-boxed elementor-section-height-default elementor-section-height-default\" data-id=\"4c544f74\" data-element_type=\"section\">\n\t\t\t\t\t\t<div class=\"elementor-container elementor-column-gap-default\">\n\t\t\t\t\t<div class=\"elementor-column elementor-col-100 elementor-top-column elementor-element elementor-element-47b74519\" data-id=\"47b74519\" data-element_type=\"column\">\n\t\t\t<div class=\"elementor-widget-wrap elementor-element-populated\">\n\t\t\t\t\t\t<div class=\"elementor-element elementor-element-6781f96c elementor-widget elementor-widget-text-editor\" data-id=\"6781f96c\" data-element_type=\"widget\" data-widget_type=\"text-editor.default\">\n\t\t\t\t<div class=\"elementor-widget-container\">\n\t\t\t\t\t\t\t\t\t<h4>Inicialmente, o Cantusca funcionou modestamente perto da praia.\u00a0Mas j\u00e1 nas d\u00e9cadas de 40 a 60, viveu sua amplia\u00e7\u00e3o, tendo o auge em termos de sede social e esportiva, na d\u00e9cada de 70, com gin\u00e1sio esportivo com vesti\u00e1rios, parque aqu\u00e1tico com piscinas social e ol\u00edmpica, sal\u00e3o de festas e bar.<\/h4><h4>Nos anos 70, sob a administra\u00e7\u00e3o de Evaldo Mocarzel, o Canto do Rio adquiriu dois terrenos da Rua Hernani Mello, que ensejaram uma expans\u00e3o lateral com nova via de acesso e a constru\u00e7\u00e3o de um modelar conjunto hidrot\u00e9rmico (saunas), em pilotis, com lavanderia virada para o subsolo do clube, em tr\u00eas andares. Nessa\u00a0mesma \u00e9poca, realizou muitas atividades sociais, com festas em datas comemorativas, shows de artistas famosos, bailes de carnaval e de discoteca, desfiles de moda e concursos de miss, al\u00e9m de manter as competi\u00e7\u00f5es desportivas e diversas, como o desfile de c\u00e3es de ra\u00e7a e a mostra de auto-m\u00f3veis antigos. Tamb\u00e9m foi editado e distribu\u00eddo para todos os associados o jornal \u201cO Cantusc\u00e3o\u201d.<\/h4><h4>Atualmente, o Clube Alvi-anil (as cores do seu uniforme, desde o in\u00edcio, foram azul e branca) tem sua sede pr\u00f3pria situada na Rua Visconde do Rio Branco n\u00ba 701, no Centro de Niter\u00f3i. A sua sede social \u00e9 constitu\u00edda de um pr\u00e9dio de cinco andares com diversos sal\u00f5es. Tem em sua estrutura, dois gin\u00e1sios cobertos com quadra polidesportiva, quadra de futebol society em grama sint\u00e9tica, um grande parque aqu\u00e1tico constitu\u00eddo de tr\u00eas piscinas sendo uma semiol\u00edmpica e duas sociais, um pr\u00e9dio anexo de tr\u00eas andares onde se localizam as saunas e a academia de gin\u00e1stica.<\/h4><h4>O Canto do Rio ocupa uma \u00e1rea aproximada de 12.000,00m\u00b2 e tem 3.200,00m\u00b2 de \u00e1rea constru\u00edda. E, recentemente, visando o aproveitamento de espa\u00e7o aliado \u00e0 arrecada\u00e7\u00e3o de caixa, cedeu ao grupo Anhanguera Educacional, que administra o Centro Universit\u00e1rio Pl\u00ednio Leite (Unipli), tr\u00eas andares onde s\u00e3o ministradas aulas de alguns cursos universit\u00e1rios.<\/h4><h4>Segundo o presidente Rodney Gomes de Melo, hoje o Clube tem uma grande estrutura comparado aos grandes clubes sociais do pa\u00eds. Com tudo isso, vem inovando e participando de uma forma mais direta na forma\u00e7\u00e3o educacional do grande n\u00famero de jovens da cidade.<\/h4><h4>\u00c1rea Externa<\/h4><h4>Nossa \u00e1rea de lazer para associados, com piscina, bar\/quiosque.<\/h4>\n\t\t<style type='text\/css'>\n\t\t\t#gallery-1 {\n\t\t\t\tmargin: auto;\n\t\t\t}\n\t\t\t#gallery-1 .gallery-item {\n\t\t\t\tfloat: left;\n\t\t\t\tmargin-top: 10px;\n\t\t\t\ttext-align: center;\n\t\t\t\twidth: 33%;\n\t\t\t}\n\t\t\t#gallery-1 img {\n\t\t\t\tborder: 2px solid #cfcfcf;\n\t\t\t}\n\t\t\t#gallery-1 .gallery-caption {\n\t\t\t\tmargin-left: 0;\n\t\t\t}\n\t\t<\/style>\n\t\t<!-- see gallery_shortcode() in wp-includes\/media.php -->\n\t\t<div id='gallery-1' class='gallery galleryid-25 gallery-columns-3 gallery-size-full gallery1'><script type=\"text\/javascript\">\n\/\/ <![CDATA[\n\tjQuery(document).ready(function () {\n\t\tjQuery(\".gallery1 a\").attr(\"rel\",\"gallery1\");\t\n\t\tjQuery('a[rel=\"gallery1\"]').colorbox({maxWidth:\"95%\", maxHeight:\"95%\",title: function(){ return jQuery(this).children().attr(\"alt\"); }, });\n\t});\n\/\/ ]]>\n<\/script>\n<dl class=\"gallery-item\">\n<dt class=\"gallery-icon\">\n<a href=\"https:\/\/cantodoriofc.com.br\/site\/wp-content\/uploads\/2015\/06\/DSC_0330-1-300x129.jpg\" title=\"\" rel=\"gallery1\"><img fetchpriority=\"high\" decoding=\"async\" src=\"https:\/\/cantodoriofc.com.br\/site\/wp-content\/uploads\/2015\/06\/DSC_0330-1.jpg\" width=\"1349\" height=\"578\" alt=\"\" \/><\/a>\n<\/dt><\/dl><dl class=\"gallery-item\">\n<dt class=\"gallery-icon\">\n<a href=\"https:\/\/cantodoriofc.com.br\/site\/wp-content\/uploads\/2015\/06\/DSC_0371-1-300x129.jpg\" title=\"\" rel=\"gallery1\"><img decoding=\"async\" src=\"https:\/\/cantodoriofc.com.br\/site\/wp-content\/uploads\/2015\/06\/DSC_0371-1.jpg\" width=\"1349\" height=\"578\" alt=\"\" \/><\/a>\n<\/dt><\/dl><dl class=\"gallery-item\">\n<dt class=\"gallery-icon\">\n<a href=\"https:\/\/cantodoriofc.com.br\/site\/wp-content\/uploads\/2015\/06\/DSC_0388-1-300x129.jpg\" title=\"\" rel=\"gallery1\"><img decoding=\"async\" src=\"https:\/\/cantodoriofc.com.br\/site\/wp-content\/uploads\/2015\/06\/DSC_0388-1.jpg\" width=\"1349\" height=\"578\" alt=\"\" \/><\/a>\n<\/dt><\/dl><br style=\"clear: both\" \/><dl class=\"gallery-item\">\n<dt class=\"gallery-icon\">\n<a href=\"https:\/\/cantodoriofc.com.br\/site\/wp-content\/uploads\/2015\/06\/DSC_0403-1-300x129.jpg\" title=\"\" rel=\"gallery1\"><img loading=\"lazy\" decoding=\"async\" src=\"https:\/\/cantodoriofc.com.br\/site\/wp-content\/uploads\/2015\/06\/DSC_0403-1.jpg\" width=\"1349\" height=\"578\" alt=\"\" \/><\/a>\n<\/dt><\/dl><dl class=\"gallery-item\">\n<dt class=\"gallery-icon\">\n<a href=\"https:\/\/cantodoriofc.com.br\/site\/wp-content\/uploads\/2015\/06\/IMG_20150514_091421645-1-1-300x129.jpg\" title=\"\" rel=\"gallery1\"><img loading=\"lazy\" decoding=\"async\" src=\"https:\/\/cantodoriofc.com.br\/site\/wp-content\/uploads\/2015\/06\/IMG_20150514_091421645-1-1.jpg\" width=\"1349\" height=\"578\" alt=\"\" \/><\/a>\n<\/dt><\/dl><dl class=\"gallery-item\">\n<dt class=\"gallery-icon\">\n<a href=\"https:\/\/cantodoriofc.com.br\/site\/wp-content\/uploads\/2015\/06\/IMG_20150428_170650128_HDR-1-300x129.jpg\" title=\"\" rel=\"gallery1\"><img loading=\"lazy\" decoding=\"async\" src=\"https:\/\/cantodoriofc.com.br\/site\/wp-content\/uploads\/2015\/06\/IMG_20150428_170650128_HDR-1.jpg\" width=\"1349\" height=\"578\" alt=\"\" \/><\/a>\n<\/dt><\/dl><br style=\"clear: both\" \/><dl class=\"gallery-item\">\n<dt class=\"gallery-icon\">\n<a href=\"https:\/\/cantodoriofc.com.br\/site\/wp-content\/uploads\/2015\/06\/IMG_20150428_170459783-1-300x129.jpg\" title=\"\" rel=\"gallery1\"><img loading=\"lazy\" decoding=\"async\" src=\"https:\/\/cantodoriofc.com.br\/site\/wp-content\/uploads\/2015\/06\/IMG_20150428_170459783-1.jpg\" width=\"1349\" height=\"578\" alt=\"\" \/><\/a>\n<\/dt><\/dl><dl class=\"gallery-item\">\n<dt class=\"gallery-icon\">\n<a href=\"https:\/\/cantodoriofc.com.br\/site\/wp-content\/uploads\/2015\/06\/IMG_20150428_170447730-1-300x129.jpg\" title=\"\" rel=\"gallery1\"><img loading=\"lazy\" decoding=\"async\" src=\"https:\/\/cantodoriofc.com.br\/site\/wp-content\/uploads\/2015\/06\/IMG_20150428_170447730-1.jpg\" width=\"1349\" height=\"578\" alt=\"\" \/><\/a>\n<\/dt><\/dl><dl class=\"gallery-item\">\n<dt class=\"gallery-icon\">\n<a href=\"https:\/\/cantodoriofc.com.br\/site\/wp-content\/uploads\/2015\/06\/volei-feme-uc-ok-270x1901-1.jpg\" title=\"\" rel=\"gallery1\"><img loading=\"lazy\" decoding=\"async\" src=\"https:\/\/cantodoriofc.com.br\/site\/wp-content\/uploads\/2015\/06\/volei-feme-uc-ok-270x1901-1.jpg\" width=\"270\" height=\"190\" alt=\"\" \/><\/a>\n<\/dt><\/dl><br style=\"clear: both\" \/><dl class=\"gallery-item\">\n<dt class=\"gallery-icon\">\n<a href=\"https:\/\/cantodoriofc.com.br\/site\/wp-content\/uploads\/2015\/06\/salao-de-eventos-111-1-300x199.jpg\" title=\"\" rel=\"gallery1\"><img loading=\"lazy\" decoding=\"async\" src=\"https:\/\/cantodoriofc.com.br\/site\/wp-content\/uploads\/2015\/06\/salao-de-eventos-111-1.jpg\" width=\"353\" height=\"234\" alt=\"\" \/><\/a>\n<\/dt><\/dl><dl class=\"gallery-item\">\n<dt class=\"gallery-icon\">\n<a href=\"https:\/\/cantodoriofc.com.br\/site\/wp-content\/uploads\/2015\/06\/capoeira-270x1901-1-300x199.jpg\" title=\"\" rel=\"gallery1\"><img loading=\"lazy\" decoding=\"async\" src=\"https:\/\/cantodoriofc.com.br\/site\/wp-content\/uploads\/2015\/06\/capoeira-270x1901-1.jpg\" width=\"353\" height=\"234\" alt=\"\" \/><\/a>\n<\/dt><\/dl><dl class=\"gallery-item\">\n<dt class=\"gallery-icon\">\n<a href=\"https:\/\/cantodoriofc.com.br\/site\/wp-content\/uploads\/2015\/06\/IMG_20150515_115329975-1-300x169.jpg\" title=\"\" rel=\"gallery1\"><img loading=\"lazy\" decoding=\"async\" src=\"https:\/\/cantodoriofc.com.br\/site\/wp-content\/uploads\/2015\/06\/IMG_20150515_115329975-1-scaled.jpg\" width=\"2560\" height=\"1440\" alt=\"\" \/><\/a>\n<\/dt><\/dl><br style=\"clear: both\" \/>\n\t\t<\/div>\n\t\t\t\t\t\t\t\t<\/div>\n\t\t\t\t<\/div>\n\t\t\t\t\t<\/div>\n\t\t<\/div>\n\t\t\t\t\t<\/div>\n\t\t<\/section>\n\t\t\t\t<\/div>\n\t\t","protected":false},"excerpt":{"rendered":"<p>Inicialmente, o Cantusca funcionou modestamente perto da praia.\u00a0Mas j\u00e1 nas d\u00e9cadas de 40 a 60, viveu sua amplia\u00e7\u00e3o, tendo o auge em termos de sede social e esportiva, na d\u00e9cada de 70, com gin\u00e1sio esportivo com vesti\u00e1rios, parque aqu\u00e1tico com piscinas social e ol\u00edmpica, sal\u00e3o de festas e bar. Nos anos 70, sob a administra\u00e7\u00e3o<\/p>\n<p class=\"more-link\"><a href=\"https:\/\/cantodoriofc.com.br\/site\/estrutura-2\/\" class=\"themebutton\">Read More<\/a><\/p>\n","protected":false},"author":1,"featured_media":0,"parent":0,"menu_order":0,"comment_status":"closed","ping_status":"closed","template":"","meta":{"footnotes":"","_links_to":"","_links_to_target":""},"class_list":["post-25","page","type-page","status-publish","hentry"],"_links":{"self":[{"href":"https:\/\/cantodoriofc.com.br\/site\/wp-json\/wp\/v2\/pages\/25","targetHints":{"allow":["GET"]}}],"collection":[{"href":"https:\/\/cantodoriofc.com.br\/site\/wp-json\/wp\/v2\/pages"}],"about":[{"href":"https:\/\/cantodoriofc.com.br\/site\/wp-json\/wp\/v2\/types\/page"}],"author":[{"embeddable":true,"href":"https:\/\/cantodoriofc.com.br\/site\/wp-json\/wp\/v2\/users\/1"}],"replies":[{"embeddable":true,"href":"https:\/\/cantodoriofc.com.br\/site\/wp-json\/wp\/v2\/comments?post=25"}],"version-history":[{"count":9,"href":"https:\/\/cantodoriofc.com.br\/site\/wp-json\/wp\/v2\/pages\/25\/revisions"}],"predecessor-version":[{"id":3548,"href":"https:\/\/cantodoriofc.com.br\/site\/wp-json\/wp\/v2\/pages\/25\/revisions\/3548"}],"wp:attachment":[{"href":"https:\/\/cantodoriofc.com.br\/site\/wp-json\/wp\/v2\/media?parent=25"}],"curies":[{"name":"wp","href":"https:\/\/api.w.org\/{rel}","templated":true}]}}